(-36)*3/(9/(-2))?
9
Suppose 0 = 32*v - 1448024 - 13192. Calculate the remainder when v is divided by 43.
40
Suppose y - 14 - 33 = 0. Let u(d) = -4*d**3 - 69*d**2 - 14*d + 29. Let m be u(-17). Let z(f) = 14*f + 312. What is the remainder when y is divided by z(m)?
3
Suppose 0 = 5*g + 21 - 141. Let r be 2/(-8) + -5 + 246/g. Suppose 0 = -r*y - y + 888. Calculate the remainder when y is divided by 30.
28
Let a = 509 + -489. Suppose 0*k = -4*i + k + 159, -4*k + a = 0. What is the remainder when 76 is divided by i?
35
Let d(w) = -13*w - 3. Let u(p) = p**3 - 30*p**2 - 1542*p + 330. What is the remainder when u(57) is divided by d(-3)?
15
Let a = 403 + -349. Let r = a - -87. Calculate the remainder when r is divided by 49.
43
Suppose 0 = -3*c + 614 + 220. What is the remainder when c is divided by 77 - 0 - 305/61?
62
Let y = 2257 + -2240. Calculate the remainder when 59 is divided by y.
8
Let r = -72 + 75. Suppose f - 77 = -4*m, -2*m + r*f = 30 - 79. What is the remainder when m is divided by 13?
7
Let b = 887 + 188. Calculate the remainder when b is divided by 77.
74
Suppose -6*l = 3*l - 81. Suppose l*f = 10 + 89. Suppose 0 = -3*b - 3*i + 54, 3*i + 5 - f = 0. Calculate the remainder when 60 is divided by b.
12
Suppose -41*n - 110 = -42*n - 4*b, -3*b - 264 = -2*n. What is the remainder when 137 is divided by n?
11
Suppose 0 = g + 5*h - 1793, 46*g - 50*g - 2*h = -7136. What is the remainder when g is divided by 4?
3
Suppose 20 = 5*i, d - 3*d + 48 = 2*i. Suppose 2*j - 22 = d. Let k(y) = 54*y + 6. What is the remainder when k(1) is divided by j?
18
Let p = -1830 - -1897. Calculate the remainder when p is divided by 56.
11
Let h(z) = -13*z**2 + z + 5. Let m(n) = 11*n**2 - n - 5. Let a(u) = -6*h(u) - 7*m(u). Calculate the remainder when 326 is divided by a(6).
44
Let v be (-6)/(-21) - -36*5/7. Suppose -2*w = 4*b - v, -w + 3*w - b = 1. What is the remainder when 6 is divided by w?
0
Suppose 2*f - 5*f = 9. Let w = -111 - -117. Calculate the remainder when (1 - -2)*(-15)/f is divided by w.
3
Let w = -136531 + 136696. Let q = -30 + 86. Calculate the remainder when w is divided by q.
53
Suppose 123 = -19*y + 18*y. Calculate the remainder when 77 is divided by y/(-9)*(4 + -1 - 0).
36
Calculate the remainder when (-213202)/(-484) + (-10)/(-4) is divided by 27.
11
Let m(r) = 39*r - 574. What is the remainder when 534 is divided by m(16)?
34
Let h(z) = -3*z - 32. Let w be h(-6). Let x = -18 - w. Let l(a) = -37*a + 1. Calculate the remainder when l(x) is divided by 38.
35
Suppose 0 = -2*d - 932 + 1100. Suppose 282 - d = 9*s. Calculate the remainder when 39 is divided by s.
17
Let t(a) = -a**2 - 9*a - 5. Let z be t(-1). Suppose -14*l + z*l = -1716. What is the remainder when l is divided by 23?
18
Suppose -15*q + 59 = -1531. What is the remainder when 177 is divided by q?
71
Let s be 8 + (-12 - -3) + 8. Let n(f) = 32*f - 75. Calculate the remainder when n(s) is divided by 30.
29
Let k(l) = -2*l**2 + 14323 - 7211 - 7168 + 31*l. What is the remainder when 121 is divided by k(13)?
4
Suppose -111 = -4*y + 201. Suppose -r = -4*a - 45, -4*r + 3 = -1. Let j = y + a. Calculate the remainder when j is divided by 10.
7
Let t = -5 - -2. Let j be (-23)/t + 19/57. Suppose r = -j*r + 342. What is the remainder when 111 is divided by r?
35
Let x(r) = r**2 + 105*r - 2465. Calculate the remainder when 385 is divided by x(20).
0
Suppose 4*u = -q + 1420 + 3882, 5*u = 4*q + 6617. What is the remainder when u is divided by 17?
16
Suppose 6*h + 44 = 422. Suppose 5*d - 2*f - 69 = 0, 6*d - 10*d - f + h = 0. What is the remainder when 15 is divided by d?
0
Suppose -5*k + 0*k - 3*x = -1823, -360 = -k + 4*x. Suppose o = 4*o - 3*r - 360, r + k = 3*o. Calculate the remainder when o is divided by 62.
60
Let c = 6166 - 5477. What is the remainder when c is divided by 298?
93
Suppose -2*o = -8, 3*t + 4*o - 328 = 6*o. Let s = 150180 + -149950. What is the remainder when s is divided by t?
6
Let a = 6977 + -6965. Let d be 16/7 - (-2)/(-7). Suppose 3*j = 2*n + 110, 84 = d*j - 6*n + 2*n. Calculate the remainder when j is divided by a.
10
Suppose 162*j + 85*j - 1702579 = 1383192. What is the remainder when j is divided by 147?
145
Let i(n) be the first derivative of 9*n**2/2 - 17*n - 507. Suppose 3 = -4*z + 19. What is the remainder when 35 is divided by i(z)?
16
Suppose 3*k = 3*l - l - 36, -90 = -5*l + 4*k. Let s = 29 + -96. Let w = -35 - s. What is the remainder when w is divided by l?
14
Let l be 6/(-15) + -27*(-2)/10. Let a(b) = -11 + 6*b**2 - l*b**2 - 2*b + 14. What is the remainder when 53 is divided by a(-3)?
17
Let r(o) = -515*o + 1510. Let n(b) = -47*b + 137. Let d(c) = -45*n(c) + 4*r(c). What is the remainder when d(8) is divided by 6?
3
Suppose -3506 = -3*v - 5*r, -3*v + 32*r + 3521 = 34*r. Calculate the remainder when v is divided by 118.
115
Let n = -6963 - -7262. Calculate the remainder when n is divided by 109.
81
Let b = 87 - 547. Let u = -415 - b. Calculate the remainder when 76 is divided by u.
31
Suppose 4*s - 5*h - 40 = -2*h, 0 = -s - 2*h + 10. Let f = -138 + 140. Suppose f*y = s*y - 360. What is the remainder when 177 is divided by y?
42
Suppose -62*q = -57*q - 195. Suppose w = 1 + 4. Let l = 15 - w. Calculate the remainder when q is divided by l.
9
Let u(q) = 6*q + 14. Let i = 8 + -6. Suppose -4*b = i*m - 2*b - 18, -4*b + 20 = 0. What is the remainder when u(m) is divided by 10?
8
Let c(a) = 31*a - 269. Calculate the remainder when 501 is divided by c(11).
69
Let w(i) = -282*i + 2224. Calculate the remainder when w(-89) is divided by 33.
31
Let y be (-56)/10 - (-544)/340. Let h(u) = u**3. Let k(o) = -7*o**3 + o**2 + 3. Let q(z) = 6*h(z) + k(z). What is the remainder when q(y) is divided by 14?
13
Suppose 8*g + 2*g = 230. Suppose -g = -3*i - 2. What is the remainder when 113/5 - (-3 + (-72)/(-20)) is divided by i?
1
Suppose 4*c = 3*c - 2*n - 10, -23 = 3*c - n. Let v(j) = -j**3 - 6*j**2 + 5*j - 14. Calculate the remainder when v(c) is divided by 16.
10
Let z(u) = 151*u + 317. Suppose -5*i + 40 = -160. What is the remainder when z(0) is divided by i?
37
Let j(r) = 5*r**3 - r**2 + r + 9. Suppose 24 = 5*q - 61. Suppose 0 = q*d - 12*d - 15. Calculate the remainder when j(d) is divided by 36.
30
Let c(b) = b**3 + 19*b**2 - 50*b - 64. Let j = -111 + 90. What is the remainder when 321 is divided by c(j)?
9
Let a(g) = g**3 - 50*g**2 + 51*g - 97. Suppose 6*o - 3*o - 14 = 2*l, 2*l - 34 = -5*o. Suppose -o = 2*v - 4*v. What is the remainder when v is divided by a(49)?
0
Let w(u) be the third derivative of -u**5/60 - 17*u**4/24 + 10*u**3/3 + 4*u**2 + 6*u. Calculate the remainder when 323 is divided by w(-16).
35
Suppose 25*m - 2696 = 29. Calculate the remainder when m is divided by 13 + (3 - 1) + -1.
11
Let p = -6 - -8. Suppose 3*b - 37 = -3*a - 10, 4*b = 20. Calculate the remainder when a is divided by p.
0
Suppose 77*d + 3066 = 91*d. What is the remainder when d is divided by 77?
65
Let p = 336 - 196. Suppose -w - 13*w = -p. Calculate the remainder when 257 is divided by w.
7
Suppose 252 = -3*u + 3*x, 5*x - x + 8 = 0. Let v = -60 - u. What is the remainder when (-219)/(-6)*(-5 - -7) is divided by v?
21
Suppose y + 19 = 3*m, -4*m + 2*y + 30 = m. Suppose -4*j - 101 = -8*u + 5*u, 4*u - 113 = j. Calculate the remainder when u is divided by m.
3
Calculate the remainder when 86 is divided by (-20)/12 + (-5402)/(-111).
39
Suppose 3*u - 5*d - 67 = 0, 3*u - d + 50 = 109. Let k(x) = 7*x + 1. What is the remainder when u is divided by k(1)?
3
Let v(f) = 58*f + 1. Let k(l) = -8*l**3 - 9*l - 439 + 7*l**3 - 8*l**2 + 447. Calculate the remainder when v(1) is divided by k(-7).
15
Let p(q) = -q**2 + 5*q + 41. Let s be p(9). Suppose -2*b + 9 = -3*f, -5*b = s*f - 2 - 8. What is the remainder when (6/5)/(30/675) is divided by b?
0
Let o = 340 + -321. Suppose -6*h + 2*h = -444. Calculate the remainder when h is divided by o.
16
Let v(h) = 7*h**2 + 172*h + 170. Calculate the remainder when v(-32) is divided by 34.
32
Let o = -1513 - -2312. Calculate the remainder when o is divided by 20.
19
Suppose -t = -j - 3 - 15, -3*t + 4*j = -59. Let d(z) = z**2 - 7*z - 13. Let h be d(9). Suppose -h*m + 138 = -2*m. What is the remainder when m is divided by t?
7
Suppose -i + z + 221 + 5 = 0, -5*i + 1130 = 2*z. Suppose -5601